0?
-101642
In base 3, what is 1002100 + -1000200110?
-222121010
In base 6, what is -22233210134 + 0?
-22233210134
In base 3, what is 11002 + 222212201020?
222212212022
In base 16, what is f1f836 - 0?
f1f836
In base 4, what is -13133023302 + -1200?
-13133031102
In base 13, what is -750bc5 + -1?
-750bc6
In base 16, what is 3c855e3 - -4?
3c855e7
In base 13, what is -39049611 - -4?
-3904960a
In base 12, what is 456 + -8923?
-8489
In base 11, what is -423 - -24632?
2420a
In base 12, what is -a267 + 175?
-a0b2
In base 11, what is 50955 + 12?
50967
In base 10, what is 2 + -22584?
-22582
In base 7, what is -104144 + 2543?
-101301
In base 13, what is c8b7 + 1cb?
cab5
In base 15, what is 2 - 125c9d8c?
-125c9d8a
In base 16, what is 3183 - 45e2?
-145f
In base 5, what is 0 + 24214222313?
24214222313
In base 13, what is -401b7 - 91?
-40278
In base 14, what is 59 - 2d645?
-2d5ca
In base 15, what is 1a5c1 - 5e7?
19ec9
In base 13, what is -2c32 + 7478?
4546
In base 9, what is -1413103 - -44?
-1413048
In base 12, what is -49483a + 2?
-494838
In base 7, what is -301 + 4006235?
4005634
In base 12, what is -a + 44b09?
44abb
In base 12, what is -47a0 - 1b09?
-66a9
In base 14, what is a - 9d8989?
-9d897d
In base 6, what is 140250 + -21434?
114412
In base 15, what is 9e85e + -2bd?
9e591
In base 10, what is 673801887 + -4?
673801883
In base 2, what is 10110101001000 - -1011111000100001?
1110101101101001
In base 10, what is -61 + -284101?
-284162
In base 16, what is -d7 - -1d134?
1d05d
In base 14, what is -745 - 447?
-b8c
In base 12, what is 1244 - -845b?
96a3
In base 14, what is -5 + -a705b9?
-a705c0
In base 10, what is 0 - 20934899?
-20934899
In base 13, what is 4a56 + 18?
4a71
In base 15, what is 8dc2 - -9a3e?
13911
In base 4, what is 2 - 1013212230211?
-1013212230203
In base 16, what is 21 - -aa3fcd?
aa3fee
In base 15, what is 256 + 23a?
491
In base 4, what is -1033 + -233223323?
-233231022
In base 5, what is 3 + -4241102104?
-4241102101
In base 2, what is -1000011101110010011 - 10101?
-1000011101110101000
In base 9, what is -4 - 4565506?
-4565511
In base 12, what is 5a99505 + -2?
5a99503
In base 3, what is 120211112202121220 + 2?
120211112202121222
In base 16, what is -202d361c + 2?
-202d361a
In base 8, what is 3160 + 4630?
10010
In base 3, what is -101211022 + -10002111?
-111220210
In base 13, what is -2b0194 + 14?
-2b0180
In base 3, what is 12210200012001 + 10?
12210200012011
In base 6, what is -1 + 41432453?
41432452
In base 11, what is 253 + -353203?
-352a60
In base 9, what is -121500 + 220?
-121270
In base 14, what is 75ad + -d28?
6685
In base 11, what is 27 + 8467a1?
846818
In base 5, what is 2 + 1032424101?
1032424103
In base 8, what is -6420 - 3?
-6423
In base 6, what is -1 + 1015314255?
1015314254
In base 14, what is 100 + 168c8?
169c8
In base 14, what is -c7 + c88?
ba1
In base 6, what is -2043 + -45524054?
-45530141
In base 7, what is -51655 + -1452?
-53440
In base 10, what is 375 + 7903?
8278
In base 3, what is -221121021001 + -1002000?
-221122100001
In base 13, what is 39207 + -74?
39163
In base 6, what is 32 - -33444310?
33444342
In base 6, what is -50515011 - -2?
-50515005
In base 13, what is -6 + -8bc2a50?
-8bc2a56
In base 8, what is -61177344 + 0?
-61177344
In base 3, what is -1112102112 - -102200?
-1111222212
In base 5, what is 0 - -1113243124?
1113243124
In base 10, what is -2759 - -225626?
222867
In base 16, what is b + -3a876?
-3a86b
In base 16, what is -4 + 19bd40?
19bd3c
In base 3, what is 210120011002000 + -201?
210120011001022
In base 15, what is 1ce9c9 - 22?
1ce9a7
In base 16, what is -62 - 40db1?
-40e13
In base 11, what is 2 - -119642?
119644
In base 14, what is -12c680 + -a6?
-12c746
In base 3, what is -10222211222 + 10010121?
-10212201101
In base 9, what is -747567 - -132?
-747435
In base 2, what is -101 + 11101111000001000110100?
11101111000001000101111
In base 5, what is -10004113201 - 224?
-10004113430
In base 11, what is 3261a - -2708?
35227
In base 9, what is -288388 + 1730?
-286558
In base 9, what is 11083 - 58442?
-47348
In base 8, what is 137130 + 115?
137245
In base 4, what is 212201 + 22333?
301200
In base 6, what is -120 + 35334112?
35333552
In base 7, what is 63662653 - -3?
63662656
In base 14, what is cc8998a - 0?
cc8998a
In base 5, what is 20323422 + -43432?
20224440
In base 2, what is -100111011111111111011101010 + -10?
-100111011111111111011101100
In base 11, what is 80742 - 437?
80306
In base 10, what is 190571 + 319?
190890
In base 9, what is 465 + 134328?
134804
In base 2, what is -111101110011 - -10001110001?
-101100000010
In base 14, what is b82d4d0 + 4?
b82d4d4
In base 12, what is 14550414 + 1?
14550415
In base 4, what is 3 + -113311010120?
-113311010111
In base 9, what is -3802 - 121533?
-125435
In base 16, what is -3729 - -82?
-36a7
In base 16, what is 24926 - 1c3?
24763
In base 9, what is -24505174 + -1?
-24505175
In base 9, what is 12481 + 20221?
32712
In base 14, what is -381a04 - 2?
-381a06
In base 11, what is -1a1793 + 27?
-1a1767
In base 16, what is 3a - 9d72d4?
-9d729a
In base 15, what is 7b + 60dcb?
60e57
In base 7, what is 120145213 + 3?
120145216
In base 5, what is 340411140 + 3?
340411143
In base 9, what is -13482 + -28150?
-42642
In base 10, what is 139 + -7168?
-7029
In base 16, what is -534 - -b4?
-480
In base 8, what is -33535326 - -3?
-33535323
In base 15, what is -2 - 379d0?
-379d2
In base 4, what is 20113321 - -1131?
20121112
In base 4, what is 3231020010103 + -1?
3231020010102
In base 10, what is 7 + 6137831?
6137838
In base 14, what is -7 - 134914?
-13491b
In base 5, what is 102 - -312023024?
312023131
In base 12, what is -15 + -249517?
-249530
In base 2, what is 100000 + -10010001110100010010?
-10010001110011110010
In base 2, what is -1011010001111000110 + 10001001?
-1011010001100111101
In base 2, what is -100110001101110 - -100010011100001?
-11110001101
In base 16, what is 664 - 1d2e4?
-1cc80
In base 16, what is -c2fe8 - -3fe?
-c2bea
In base 10, what is 150168236 + 0?
150168236
In base 3, what is 1002011122 + 21221?
1002110120
In base 11, what is -34a24 + 1180?
-33854
In base 2, what is -1011111001 + -1001011001011?
-1010111000100
In base 6, what is -53 - 13121514?
-13122011
In base 10, what is -9166113 - 4?
-9166117
In base 2, what is -1001111 - -100011001101110111?
100011001100101000
In base 3, what is 1 - -102002102021210?
102002102021211
In base 11, what is 67859 + 46?
678a4
In base 2, what is 101 + -101010001000111000001?
-101010001000110111100
In base 15, what is 180e + -163?
169b
In base 9, what is 2840738 + 56?
2840805
In base 7, what is -30500065 - 30?
-30500125
In base 10, what is 14 - 3388440?
-3388426
In base 12, what is 18 - -24272b0?
2427308
In base 10, what is -578333 + -271?
-578604
In base 13, what is 1 + -4b8709c5?
-4b8709c4
In base 16, what is eb9f9b - 1?
eb9f9a
In base 5, what is 43103003114 - 12?
43103003102
In base 16, what is -fbedd + c?
-fbed1
In base 14, what is 289379 + -cc?
28928b
In base 8, what is 45451667 - -1?
45451670
In base 12, what is 1261 - -115789?
116a2a
In base 15, what is -c990 - 3057?
-109e7
In base 7, what is -3234 - 311325?
-314562
In base 16, what is -c950a + -5?
-c950f
In base 16, what is -bda23 + 117?
-bd90c
In base 4, what is -12 + 10122301023?
10122301011
In base 16, what is 6 + 44431e?
444324
In base 8, what is -324730 - 24?
-324754
In base 8, what is -2713 - 6465?
-11400
In base 3, what is 10 + 122210022120121?
122210022120201
In base 4, what is -1313321 - 102031?
-2022012
In base 11, what is 1762257 - 0?
1762257
In base 2, what is 11111101100101101110 - -10000?
11111101100101111110
In base 2, what is 1110011001000100010011 + -101?
1110011001000100001110
In base 7, what is 43666 - 4546?
36120
In base 2, what is 1011010100001001 + -100000111?
1011010000000010
In base 10, what is 5 - 2106786?
-2106781
In base 16, what is -4 + -143dd9?
-143ddd
In base 15, what is d - b7c325?
-b7c317
In base 10, what is -1694017 + 2?
-1694015
In base 16, what is edc - d5db?
-c6ff
In base 15, what is -3e305 - 1e?
-3e324
In base 16, what is -2 - -31bac63?
31bac61
In base 5, what is -30404222 - 43?
-30404320
In base 6, what is 323514 - -4231?
332145
In base 6, what is -51 - 3302233?
-3302324
In base 14, what is -8a86a68 + 9?
-8a86a5d
In base 13, what is -5b83 +